5. Let c(h) = 34*h - 70*h - 3 + 32*h. Let b be c(-5). Calculate the highest common divisor of b and r.
17
Let s = 170 - 90. Let n be -50*(56/(-10) - -2). Suppose 4*z + z = -5*l + n, 88 = 3*l - 2*z. Calculate the highest common factor of l and s.
16
Let k be (-58)/(-4) + (-6)/(-12). Let c = -6 + k. Calculate the greatest common factor of c and 63.
9
Suppose -4*s - 8*s = 0. Suppose s = 2*o + 6*o - 936. Calculate the highest common factor of o and 13.
13
Let t = 791 - 761. Calculate the greatest common factor of 10 and t.
10
Suppose 2*y = -s + 13, 5*s = 6*y - 3*y. Suppose -5*l + 50 = 2*a, -s*l + 4*a + 9 = -21. What is the greatest common divisor of l and 50?
10
Suppose -274 = 5*y + 186. Let u = y - -131. Calculate the greatest common factor of 39 and u.
39
Let a(m) = -20*m + 4. Suppose -3*g + 2 = -4*g. Let n be a(g). Suppose 7*j + c = 4*j + n, j + 4 = -5*c. What is the highest common factor of j and 24?
8
Suppose 80 = 4*o + 2*x - 7*x, -2*o = 5*x - 10. Let q be -99 + -2 + (3 - 2). Let r = 205 + q. Calculate the greatest common divisor of o and r.
15
Suppose -1208 - 187 = -5*s - 5*x, -553 = -2*s - x. Calculate the highest common divisor of s and 2.
2
Let i = 354 - 149. Let s = 389 - i. What is the greatest common factor of 23 and s?
23
Suppose -38 + 10 = -7*z. Let p be 4/(8/2) + 0. What is the greatest common divisor of p and z?
1
Suppose 0 = 2*m - 188 - 932. What is the highest common divisor of 70 and m?
70
Suppose -25 = 5*z, 17*z + 62 = b + 9*z. What is the greatest common factor of b and 2200?
22
Let z = -12 + 12. Let t = z - -3. Let c(b) = 6*b - 3. Let u be c(t). What is the greatest common factor of u and 30?
15
Let o = -3062 + 3073. Suppose -4*u - 4*t + 19 = -9*t, -4*u = -3*t - 29. What is the greatest common divisor of u and o?
11
Let f be 52/10 + (-11)/55. Let o be ((-6)/(-18))/(2/60). What is the highest common divisor of o and f?
5
Suppose -5*g + 3596 = -4*c - 384, -5*g + 4015 = 3*c. What is the highest common divisor of 32 and g?
32
Suppose -3 = 2*f + 5*r, f + 5 + 9 = -5*r. Let c = f - 7. Let k be (-2)/(-8) - (-119)/c. What is the greatest common divisor of 15 and k?
15
Suppose 0 = -16*q + 130 + 430. Let w(h) = -23*h**3 - 3*h**2 - 2*h - 1. Let b be w(-2). What is the highest common divisor of q and b?
35
Suppose -3*c - 15 = 3. Let n = -153 - -152. Let r be 2/(0 + n) - c. What is the greatest common factor of 36 and r?
4
Suppose -6*o + 86 = -82. What is the highest common divisor of o and 28?
28
Let l(i) = 13*i - 226. Let h be l(25). Calculate the highest common factor of 22 and h.
11
Let h be 6/(-9) + (-454)/(-6). Suppose -11*v = -9*v - 146. Suppose -3*q - 5*s + 20 = -q, -5*q - s + v = 0. Calculate the highest common factor of q and h.
15
Let c(z) = -230*z - 978. Let i be c(-5). Calculate the greatest common factor of i and 215.
43
Suppose z = 2*d - d, -d - 2 = -2*z. Let a be (-22)/(-2) + (3 - z). Calculate the greatest common divisor of 72 and a.
12
Let p(y) = 5*y**2 + 5*y - 9. Let x be p(2). What is the highest common factor of 147 and x?
21
Let j(o) = 2*o**2 + 6*o + 23. Let x be j(-3). Let q(w) = -w**2 + 207. Let k be q(0). What is the highest common factor of k and x?
23
Suppose -154*p = -168*p + 462. Let v(y) = y**2 + 2*y + 3. Let b be v(-4). Calculate the greatest common divisor of b and p.
11
Suppose 0 = 11*p - 14*p - 456. Let m be -2*1*p/16. Calculate the highest common factor of 19 and m.
19
Let x(q) = q**3 + 11*q**2 + 7*q - 25. Let h be x(-6). What is the highest common divisor of h and 452?
113
Let g = 4 - -62. Suppose -13 - 151 = -4*r - 4*f, r - 59 = 5*f. What is the greatest common divisor of r and g?
22
Let q(b) = -b**3 + 3*b**2 + 6*b - 7. Let y be q(5). Let r be (6/5)/(y/(-90)). What is the greatest common factor of r and 2?
2
Let s(p) = 23*p - 983. Let q be s(43). Calculate the highest common divisor of q and 123.
3
Let h(m) = -34*m - 168. Let w be h(-16). Calculate the highest common divisor of 8 and w.
8
Let a = -32 + 88. Let r = 4 + 21. Let q = -17 + r. Calculate the greatest common factor of q and a.
8
Let f be (-4)/(-11) + (-3690)/(-198). Calculate the highest common factor of 209 and f.
19
Let h be (-19)/(-3) + (-16)/12. Let c be (4/6)/((-20)/(-4650)). Suppose -4*m - 12 = -m, 5*m + c = 3*t. What is the greatest common factor of h and t?
5
Let c be 398/16 - 32/(-256). What is the greatest common factor of 20 and c?
5
Let t(k) = k**3 - 9*k**2 - 10*k - 4. Let s be t(10). Let i be 5 - -3 - (s - 0). What is the greatest common factor of 36 and i?
12
Suppose -4*q = -2*c - 24, 4*q - 12 = -2*c + c. Let o be (c - -170) + (-2 - -1). Let s = o + -55. Calculate the highest common divisor of 10 and s.
10
Let c(j) = -5*j + 90. Let p be c(-8). Calculate the highest common factor of p and 182.
26
Suppose 2*h + 2*h - 20 = -4*c, 4*h = -5*c + 20. Suppose -234 = -4*n + 3*k, 2*k = -1 + h. What is the greatest common factor of 12 and n?
12
Let g be 4/(-16)*2*-6. Suppose -3*t = w - 81, 0 = -3*w - 0*t + g*t + 291. Suppose -4*o - 21 + w = 0. What is the highest common divisor of 45 and o?
9
Suppose -14*d = -19*d - l + 678, 0 = -2*l + 6. What is the highest common divisor of 36 and d?
9
Let d(v) = 3*v**2 + 19*v - 196. Let i be d(7). What is the greatest common divisor of 12 and i?
12
Suppose 0*u = -u + 30. Let i(s) = -s**3 + 4*s**2 + 3*s + 6. Let a be i(-3). Calculate the highest common divisor of a and u.
30
Suppose -3*r = -6*r + 27. Let n be (2/(-3) - -1)*3. Let p be 100 - n - (6 + -6)/7. Calculate the highest common factor of r and p.
9
Suppose 8*l - 19*l + 99 = 0. Calculate the greatest common divisor of l and 963.
9
Let q be 16 + -2 + (-1 - -1). Let k be (40/(-70))/(88/28)*-11. What is the greatest common factor of q and k?
2
Let t = -125 + 279. Let r(v) = -v + 14. Let q be r(0). Calculate the highest common divisor of q and t.
14
Let m(t) = -2*t**3 + 29*t**2 + 20*t + 101. Let f be m(15). Let g = 54 - 38. What is the highest common factor of g and f?
16
Suppose 2*k = -4*u + 41 + 23, -2*u = 0. Let x be 30/(-9)*1512/(-105). Calculate the greatest common divisor of x and k.
16
Let y(b) = b**3 - 7*b**2 - 9*b - 15. Let o be y(11). Let t = 9 + -7. Let g(j) = 5*j**3 - j**2 + 1. Let f be g(t). What is the highest common divisor of f and o?
37
Let a(n) = -n**2 - 45*n - 144. Let l be a(-37). Calculate the highest common divisor of 380 and l.
76
Let f(s) = s + 6. Let j be f(-4). Suppose j*x = 68 - 18. Calculate the greatest common divisor of 25 and x.
25
Suppose -5*j + 32*j = 351. Let n = 148 - 47. Let z = n - 49. What is the greatest common divisor of z and j?
13
Let n = -98 + 305. Calculate the greatest common divisor of n and 72.
9
Let n be (-12 - -10) + 1 + -1 - 8. Let g(m) = m**3 + 12*m**2 + 20*m + 4. Let v be g(n). What is the greatest common divisor of v and 8?
4
Let j = 52 - 8. Suppose 5*h + a = -a + 170, -2*h = -4*a - j. Calculate the greatest common divisor of h and 4.
4
Let j be ((-30)/5)/((-1)/6). Suppose -4*p - 22 - 48 = -t, 0 = -4*t - p + 212. What is the highest common divisor of t and j?
18
Let g be 1/2 + 58/4. Let t(k) = 25*k**2 - 3*k + 3. Let q be t(1). Let v = 31 - q. What is the greatest common factor of v and g?
3
Suppose 1066 - 1080 = -2*l. Let m be (10/(-8))/(2/(-8)). Suppose 0 = 2*z + 8, -5*z + 50 = m*j - 0*z. Calculate the greatest common factor of j and l.
7
Let n = -50 + 81. Suppose 3*s + n - 3 = 2*h, s = -2*h + 20. Calculate the highest common divisor of 99 and h.
11
Let o be 2*(-3)/6 - (-142 - -1). Let d be (-78)/(-65) - (-94)/5. What is the highest common divisor of d and o?
20
Let x = -39 - -96. Let z(b) = b - 16. Let k be z(19). Let a(v) = 16*v - 10. Let u be a(k). Calculate the highest common divisor of x and u.
19
Let r = 147 - 89. Suppose 1642 = 4*g - r. Suppose j = -2*f - 2*j + g, 3*f - 685 = 5*j. Calculate the highest common divisor of f and 20.
20
Suppose 1862 = 27*g - 8*g. What is the greatest common factor of g and 14?
14
Let t = 3 - -3. Let m be 2/4 - (-93)/t. Let f be -1*12/(-3) - -12. Calculate the highest common factor of f and m.
16
Suppose 0 = -5*k - 5*m - 10, -2*m = -5*k + 14 + 4. Let c = 48 - 69. Let u be (-1169)/c - k/(-6). What is the greatest common divisor of u and 7?
7
Let s be (-2)/8 - (-117)/52. Let v(a) = -a**2 + 4*a + 2. Let l be v(s). Calculate the greatest common factor of l and 3.
3